{"id":1107,"date":"2024-12-24T12:52:18","date_gmt":"2024-12-24T11:52:18","guid":{"rendered":"https:\/\/wedliny-tonowo.pl\/?post_type=product&#038;p=1107"},"modified":"2024-12-24T12:53:18","modified_gmt":"2024-12-24T11:53:18","slug":"pasztetowa-w-sloiku-330ml-270gr-15-pln-szt","status":"publish","type":"product","link":"https:\/\/wedliny-tonowo.pl\/?product=pasztetowa-w-sloiku-330ml-270gr-15-pln-szt","title":{"rendered":"Pasztetowa w s\u0142oiku 330ml\/270gr 15,- PLN\/szt."},"content":{"rendered":"<p>Sk\u0142ad: \u015bwie\u017ce mi\u0119so wieprzowe, s\u00f3l, pieprz, majeranek. Ten pasztet to wyr\u00f3b o delikatnym smaku, przywodz\u0105cy na my\u015bl smak dzieci\u0144stwa. Wspania\u0142y w towarzystwie ulubionego pieczywa<\/p>\n","protected":false},"excerpt":{"rendered":"<p>Sk\u0142ad: \u015bwie\u017ce mi\u0119so wieprzowe, s\u00f3l, pieprz, majeranek. Ten pasztet to wyr\u00f3b o delikatnym smaku, przywodz\u0105cy na my\u015bl smak dzieci\u0144stwa. Wspania\u0142y w towarzystwie ulubionego pieczywa<\/p>\n","protected":false},"featured_media":1017,"comment_status":"open","ping_status":"closed","template":"","meta":{"_kadence_starter_templates_imported_post":false,"_kad_post_transparent":"default","_kad_post_title":"","_kad_post_layout":"default","_kad_post_sidebar_id":"","_kad_post_content_style":"default","_kad_post_vertical_padding":"default","_kad_post_feature":"","_kad_post_feature_position":"","_kad_post_header":false,"_kad_post_footer":false},"product_cat":[15],"product_tag":[],"class_list":{"0":"post-1107","1":"product","2":"type-product","3":"status-publish","4":"has-post-thumbnail","6":"product_cat-bez-kategorii","8":"first","9":"instock","10":"shipping-taxable","11":"purchasable","12":"product-type-simple","13":"entry","14":"content-bg","15":"loop-entry"},"jetpack_sharing_enabled":true,"_links":{"self":[{"href":"https:\/\/wedliny-tonowo.pl\/index.php?rest_route=\/wp\/v2\/product\/1107","targetHints":{"allow":["GET"]}}],"collection":[{"href":"https:\/\/wedliny-tonowo.pl\/index.php?rest_route=\/wp\/v2\/product"}],"about":[{"href":"https:\/\/wedliny-tonowo.pl\/index.php?rest_route=\/wp\/v2\/types\/product"}],"replies":[{"embeddable":true,"href":"https:\/\/wedliny-tonowo.pl\/index.php?rest_route=%2Fwp%2Fv2%2Fcomments&post=1107"}],"wp:featuredmedia":[{"embeddable":true,"href":"https:\/\/wedliny-tonowo.pl\/index.php?rest_route=\/wp\/v2\/media\/1017"}],"wp:attachment":[{"href":"https:\/\/wedliny-tonowo.pl\/index.php?rest_route=%2Fwp%2Fv2%2Fmedia&parent=1107"}],"wp:term":[{"taxonomy":"product_cat","embeddable":true,"href":"https:\/\/wedliny-tonowo.pl\/index.php?rest_route=%2Fwp%2Fv2%2Fproduct_cat&post=1107"},{"taxonomy":"product_tag","embeddable":true,"href":"https:\/\/wedliny-tonowo.pl\/index.php?rest_route=%2Fwp%2Fv2%2Fproduct_tag&post=1107"}],"curies":[{"name":"wp","href":"https:\/\/api.w.org\/{rel}","templated":true}]}}